uppose -5*a + 5*b = 2*b + s, -6 = 4*a - 2*b. List the prime factors of 16 - 2/(-1 + a).
2, 3
Suppose 0 = 4*h - 3*w - 1, 2 = -4*h + 3*w - w. Let l(q) = -11*q + 1. List the prime factors of l(h).
23
Let r be 16/10 - 4/(-10). Let y be 1*3/(-2)*r. What are the prime factors of 12 + y/(6/4)?
2, 5
Suppose 0*s = -5*s - 35. Let m = 4 - s. List the prime factors of m.
11
Suppose -3*d - 1 = y, -4*y - 3*d - 11 = 2*d. Let l = -2 - 8. Let v = y - l. List the prime factors of v.
2, 3
Suppose 0*k + 5*k = 15. Suppose -j + 16 = k*z, 23 = 4*j + 2*z - 21. Suppose -m - j = -3*y + 10, -4*y - 5*m + 33 = 0. What are the prime factors of y?
7
Suppose -2*i = 3*i. Let j(x) = x + 8. What are the prime factors of j(i)?
2
Let n(b) = 3*b - b**2 - 2 + b + 5*b. Suppose 3*x + 3*m = 24, m - 11 = -2*x + 5. List the prime factors of n(x).
2, 3
Let w = 132 - -2. List the prime factors of w.
2, 67
Let c(v) = v**3 + 4*v**2 + 2*v - 1. Let b be c(-2). Suppose 4*l - b*z = 7 + 20, 0 = 3*l - z - 24. What are the prime factors of l?
3
Suppose 0 = 2*f - 3*o - 221, -2*f - 2*o + 299 = f. List the prime factors of f.
103
Suppose -2*v - 3*o + 116 = 0, -2*v + 88 = -0*v - 4*o. List the prime factors of v.
2, 13
Suppose -b + 6*b + 5*f + 115 = 0, 0 = 5*b - 3*f + 83. List the prime factors of 1 - (1 - b)/(-2).
11
Let j be -2*3*(-8)/6. Suppose -3*d + 1 + j = 0. What are the prime factors of d?
3
Let s be 2*(1 - -1)/(-4). Let b = 37 + -22. What are the prime factors of 1/(1/b) + s?
2, 7
Suppose -46 = -3*o - 19. Let i = o - -10. List the prime factors of i.
19
Let d = 4 - -1. Let y = d + 31. What are the prime factors of y?
2, 3
Let m(g) = g**2 - 3*g - 7. Let y(w) = -7 + 4*w + 0*w - 2*w. Let i be y(6). What are the prime factors of m(i)?
3
Suppose 44 = 4*v - 36. Let m be -3 + v - -1 - 0. Suppose -5*w + 24 = k, -w - 24 = -5*k + m. What are the prime factors of k?
3
Suppose -2*k = -2*c - 4*k - 12, -15 = 5*c + 2*k. List the prime factors of ((-2)/c)/(4/42).
3, 7
Suppose 9 = -2*t + 5*t. Suppose 5*s + 9 = t*o + 63, -2*s + o = -22. List the prime factors of s.
2, 3
Let h = 101 - 57. What are the prime factors of h?
2, 11
Let o(l) = l**3 + 6*l**2 - 7*l. Let i be o(-7). Let h be -1*(-2 + i) + -6. Let f(r) = r**3 + 5*r**2 + r - 1. List the prime factors of f(h).
11
Let i(t) = -t. Let s(u) = 5*u + 6. Let q(f) = -2*i(f) - s(f). Suppose -3*o = -7*o - 16. What are the prime factors of q(o)?
2, 3
Let t be (-63)/(-6) - 3/6. Let w be -6*2/t*-5. List the prime factors of ((-3)/(-2))/(w/8).
2
List the prime factors of 4/6 + 7111/39.
3, 61
Suppose 4*f - 2*f = -4*b + 118, 4*b = f - 77. List the prime factors of f.
5, 13
Let b = 0 + -8. Let s(o) = -o**2 - 10*o - 12. Let u be s(b). Suppose -5*c = 4*t - 67, 0 = u*t - 5*c - 43 + 6. List the prime factors of t.
13
Let p = -3 - -5. Let n be (24 + 1)*12/15. Suppose -4*u = -p*u - n. List the prime factors of u.
2, 5
Suppose 28 = 5*y - 32. Suppose -11*w = -y*w + 48. What are the prime factors of w?
2, 3
Let g(b) = -b. Let s be g(-2). Let j be (3/s)/((-3)/(-4)). Suppose -5*a - 2*x + 19 = 0, -j*x = -6 + 2. List the prime factors of a.
3
Let r(h) = 2*h**2 - 2*h - 2. Let i be r(2). Suppose i*d - 92 = -2*d. Let l = d - 4. What are the prime factors of l?
19
What are the prime factors of 4*-29*1/(-4)?
29
Let t(m) be the second derivative of m**4/3 - m**3/6 - 2*m. What are the prime factors of t(1)?
3
Let v = 40 + -1. List the prime factors of v.
3, 13
Let c(v) = -v + 5. Let b be c(0). Let k = 25 - b. List the prime factors of k.
2, 5
Let i(f) = f**2 - 3*f - 6. Let u be i(5). Let q(m) = 2*m - 4. Let l be q(u). Suppose -5 = -h, 3*h = -3*r + 5*h - l. List the prime factors of r.
2
Suppose 0 = -2*i - 3*i - 25, 49 = 2*p - 3*i. What are the prime factors of p?
17
Suppose 484*h - 168 = 480*h. What are the prime factors of h?
2, 3, 7
Suppose t + 2*y + 67 = 4*t, -t = 5*y + 6. What are the prime factors of t?
19
Let w(m) = -m**3 + m**2 - m. Let n be w(0). Let s(f) = -8 + 2*f**3 - f**3 + 15. What are the prime factors of s(n)?
7
Suppose -2*u + 17 = -45. List the prime factors of u.
31
Let z(p) = 3*p + 15 + 5*p**2 - 13 - 4*p. What are the prime factors of z(2)?
2, 5
Suppose -5*f = -2*w - 29 + 5, -4*f + 14 = w. Let h be ((-10)/15)/(w/15). Suppose z = 2*s - 38, -3*s = -h*z - 27 - 30. List the prime factors of s.
19
Let m = 34 - 16. Suppose 3*b - 5*b - m = 4*x, 0 = -b - 4*x - 17. Let p = 3 + b. List the prime factors of p.
2
Suppose -2*c + 2*l - 5 = -7*c, 5*c - 3*l - 30 = 0. Suppose c*n - 35 = -a + 5, 0 = 3*n - 3*a - 36. What are the prime factors of n?
13
Suppose -v - 3*v - 360 = 0. Let l = -62 - v. List the prime factors of l.
2, 7
Suppose 2*k + 52 = 5*y + 18, 2*k = 3*y - 22. Let d(n) = -n + 6. Let s be d(y). Suppose s = 3*f + f - 32. List the prime factors of f.
2
Let c = -42 - -61. Suppose 0 = -5*v + c + 1. What are the prime factors of v?
2
Let r(p) = -p**3 + 2*p**2 + p + 7. Let d be r(0). Let q(l) = l + 3. What are the prime factors of q(d)?
2, 5
Suppose 5*b = -p + 5, -2*p + 3*b + 1 = 4. Suppose p = 2*h + 3*h + 30. Let f = h + 9. List the prime factors of f.
3
Let k = -2 - -2. Let h(q) = q**2 + 9. What are the prime factors of h(k)?
3
Let m(u) = -u**2 - u + 1. Let w be m(-2). List the prime factors of w*(0 + -52)/4.
13
Suppose 0 = 5*q, 5*j - 4*q - 6 = 14. Suppose 2*w + 2*v - 5*v = -9, 0 = -j*w + v - 3. Suppose w + 18 = 2*y. List the prime factors of y.
3
Suppose -34*w + 39*w - 355 = 0. What are the prime factors of w?
71
Let h = -6 + 4. Let x be (2*3)/((-9)/12). List the prime factors of h/x - (-22)/8.
3
Suppose -4*b + 7 = -1. Suppose b*x - 27 = 29. What are the prime factors of x?
2, 7
Suppose 4*c - 3*z - 2*z = 365, -c - 3*z = -104. What are the prime factors of c?
5, 19
Let w(t) = 3*t**3 - 11*t**2 - t + 10. Let d(q) = -q**3 + q**2 - q + 1. Let a(k) = 2*d(k) + w(k). Let f be a(9). Let x = f + 27. List the prime factors of x.
2, 3
What are the prime factors of 48/(-5)*(-1 + (4 - 23))?
2, 3
Suppose -19*l + 23*l = 888. What are the prime factors of l?
2, 3, 37
Let h(u) = -u**2 + 13*u + 9. List the prime factors of h(6).
3, 17
Let h be (-1 + 3/3)/(-1). Suppose g = -h - 19. Let m = -9 - g. List the prime factors of m.
2, 5
List the prime factors of (13356/8)/(-9)*-2.
7, 53
Let y be (-14)/49 - (-144)/14. Suppose y*o - 10 = 5*o. Suppose 0 = 4*d - 4, -5*k + o*k + 5*d = -1. What are the prime factors of k?
2
Let h = 290 + -196. List the prime factors of h.
2, 47
Let k(b) = b**3 + 14*b**2 - 6*b + 24. List the prime factors of k(-14).
2, 3
List the prime factors of (4 - 5)*(-53 + 0).
53
Let s be (6/(-5))/(8/(-20)). Suppose v = -0*v + s. What are the prime factors of v?
3
Suppose 0 = 2*d + 3*d. Suppose 2*n + 4*x = 174, -x + 1 = -2*x. Suppose a + 3*t = -3*a + n, d = -2*a + 2*t + 34. List the prime factors of a.
2, 5
Let j(z) = z - 17*z**3 + 2*z**2 - 2*z + 4*z**3 + 1 + 3*z. What are the prime factors of j(-1)?
2, 7
Let k(m) = 13*m - 36. What are the prime factors of k(14)?
2, 73
Let j(f) = -f + 2. Suppose -3*u = -u - 4. Let t be j(u). List the prime factors of 4/(-8)*(t - 10).
5
Let n = 56 - 39. Suppose -2*l = -l - n. List the prime factors of l.
17
Suppose 4*l + 5*c = 628, -3*c = -2*l + 180 + 156. What are the prime factors of l?
2, 3
Let m(z) = z**3 + 9*z**2 + 3. Let s be m(-9). Suppose 4*p = -s*j - 3 + 95, 3*j + p = 86. List the prime factors of j.
2, 7
Suppose -5*m + 0*m = -15. Suppose 0 = 3*n - 3*i, 4*n - m = i + 2*i. What are the prime factors of n?
3
Let d be (-14)/(-8) - 2/(-8). What are the prime factors of -3 + (0 - (-72)/d)?
3, 11
Let a(y) = -y**3 - 12*y**2 + 19*y + 21. What are the prime factors of a(-14)?
3, 7
What are the prime factors of (-3)/18 + (-3927)/(-18) + 2?
2, 5, 11
Let v be 10 + (-2 + (-10)/(-6))*3. Let c(y) = 3*y**3 + y**2. Let r be c(1). Suppose 3*k = -r*f + 17 + 7, 3*f + v = 0. List the prime factors of k.
2, 3
List the prime factors of 9/(-12) - 19/(-4).
2
Let t(n) = n + 26. Let k be t(0). Let o = k - 17. Suppose 3*f - o = 2*f. What are the prime factors of f?
3
Let y = -38 + 121. What are the prime factors of y?
83
Let x be (-1 + 3/(-3))/2. Let s be 2 + x*(0 + 23). List the prime factors of (-4)/(-14) + (-225)/s.
11
Suppose 24 = q - 3*d, q - 4*d - 39 + 12 = 0. Let s = q - 11. Let g = s - -2. What are the prime factors of g?
2, 3
Suppose 2*c + 104 = -2*o, -3 = -2*c + c. Wh